{"id":872,"date":"2021-03-29T16:38:05","date_gmt":"2021-03-29T14:38:05","guid":{"rendered":"http:\/\/www.psmkk.net\/?page_id=872"},"modified":"2024-04-21T09:38:23","modified_gmt":"2024-04-21T07:38:23","slug":"vuoden-2020-mayrakoirat","status":"publish","type":"page","link":"https:\/\/www.psmkk.net\/?page_id=872","title":{"rendered":"Vuoden m\u00e4yr\u00e4koirat 2020"},"content":{"rendered":"\n<p>VUODEN M\u00c4YR\u00c4KOIRA<br>kkn Mets\u00e4kruunun Akkavalta, om. Virpi ja Hannu Nuojua<\/p>\n\n\n\n<p>VUODEN VETERAANI<br>lkn Wonder Yaps\u00b4s Dana, om Sanna Marjala<\/p>\n\n\n\n<p>VUODEN AJAVA KOIRA<br>1. kku Filurin Jeeveli, om. Harri Ojala<br>2. kku Korpiklaanin LJ Wertti Tuulisp\u00e4\u00e4, om. Leena Schr\u00f6der ja Seppo Leinonen<br>3. kkn Mets\u00e4kruunun Akkavalta, om. Virpi ja Hannu Nuojua<\/p>\n\n\n\n<p>VUODEN J\u00c4LKIKOIRA<br>1. kku Ruukin Geronimo, om. Vilma Haarala<br>2. kku Tassuviikarin Topi, om. Taina Turska<br>3. kku Kyl\u00e4npuolen Karra, om. Marja Lauronen<\/p>\n\n\n\n<p>VUODEN N\u00c4YTTELYKOIRA<br>1. pkn Hupinan Snorkfr\u00f6ken, om. Sanna Marjala<br>2. lkn Wonder Yaps\u00b4s Dana, om Sanna Marjala<br>3. lkn Hupinan Daisy, om. Sanna Marjala<\/p>\n","protected":false},"excerpt":{"rendered":"<p>VUODEN M\u00c4YR\u00c4KOIRAkkn Mets\u00e4kruunun Akkavalta, om. Virpi ja Hannu Nuojua VUODEN VETERAANIlkn Wonder Yaps\u00b4s Dana, om Sanna Marjala VUODEN AJAVA KOIRA1. kku Filurin Jeeveli, om. Harri Ojala2. kku Korpiklaanin LJ Wertti Tuulisp\u00e4\u00e4, om. Leena Schr\u00f6der ja Seppo Leinonen3. kkn Mets\u00e4kruunun Akkavalta, om. Virpi ja Hannu Nuojua VUODEN J\u00c4LKIKOIRA1. kku Ruukin Geronimo, om. Vilma Haarala2. kku Tassuviikarin [&hellip;]<\/p>\n","protected":false},"author":1,"featured_media":0,"parent":155,"menu_order":4,"comment_status":"closed","ping_status":"closed","template":"","meta":{"footnotes":""},"class_list":["post-872","page","type-page","status-publish","hentry"],"_links":{"self":[{"href":"https:\/\/www.psmkk.net\/index.php?rest_route=\/wp\/v2\/pages\/872","targetHints":{"allow":["GET"]}}],"collection":[{"href":"https:\/\/www.psmkk.net\/index.php?rest_route=\/wp\/v2\/pages"}],"about":[{"href":"https:\/\/www.psmkk.net\/index.php?rest_route=\/wp\/v2\/types\/page"}],"author":[{"embeddable":true,"href":"https:\/\/www.psmkk.net\/index.php?rest_route=\/wp\/v2\/users\/1"}],"replies":[{"embeddable":true,"href":"https:\/\/www.psmkk.net\/index.php?rest_route=%2Fwp%2Fv2%2Fcomments&post=872"}],"version-history":[{"count":2,"href":"https:\/\/www.psmkk.net\/index.php?rest_route=\/wp\/v2\/pages\/872\/revisions"}],"predecessor-version":[{"id":883,"href":"https:\/\/www.psmkk.net\/index.php?rest_route=\/wp\/v2\/pages\/872\/revisions\/883"}],"up":[{"embeddable":true,"href":"https:\/\/www.psmkk.net\/index.php?rest_route=\/wp\/v2\/pages\/155"}],"wp:attachment":[{"href":"https:\/\/www.psmkk.net\/index.php?rest_route=%2Fwp%2Fv2%2Fmedia&parent=872"}],"curies":[{"name":"wp","href":"https:\/\/api.w.org\/{rel}","templated":true}]}}