{"id":859,"date":"2021-03-29T16:13:04","date_gmt":"2021-03-29T14:13:04","guid":{"rendered":"http:\/\/www.psmkk.net\/?page_id=859"},"modified":"2021-03-29T16:13:04","modified_gmt":"2021-03-29T14:13:04","slug":"toimintasuunnitelma-2020","status":"publish","type":"page","link":"https:\/\/www.psmkk.net\/?page_id=859","title":{"rendered":"TOIMINTASUUNNITELMA 2020"},"content":{"rendered":"\n<p><\/p>\n\n\n\n<ul class=\"wp-block-list\"><li>J\u00e4rjestet\u00e4\u00e4n Vuoden Aloittajaiset 18.01.2020<\/li><li>MeJ\u00e4-kokeet j\u00e4rjestet\u00e4\u00e4n 28.06.2020 (kerhon mestaruus) ja 06.09.2020 (piirin mestaruus ja normikoe)<\/li><li>2-4 ajokoetta, kokokauden koe<\/li><li>KV-n\u00e4yttely 4.-5.07.2020<\/li><li>Luentoja<\/li><li>Kursseja<\/li><li>N\u00e4yttelyharjoituksia<\/li><li>Silm\u00e4-ja selk\u00e4tarkastuksien tukeminen<\/li><li>LUT-treenej\u00e4<\/li><\/ul>\n","protected":false},"excerpt":{"rendered":"<p>J\u00e4rjestet\u00e4\u00e4n Vuoden Aloittajaiset 18.01.2020 MeJ\u00e4-kokeet j\u00e4rjestet\u00e4\u00e4n 28.06.2020 (kerhon mestaruus) ja 06.09.2020 (piirin mestaruus ja normikoe) 2-4 ajokoetta, kokokauden koe KV-n\u00e4yttely 4.-5.07.2020 Luentoja Kursseja N\u00e4yttelyharjoituksia Silm\u00e4-ja selk\u00e4tarkastuksien tukeminen LUT-treenej\u00e4<\/p>\n","protected":false},"author":1,"featured_media":0,"parent":0,"menu_order":0,"comment_status":"closed","ping_status":"closed","template":"","meta":{"footnotes":""},"class_list":["post-859","page","type-page","status-publish","hentry"],"_links":{"self":[{"href":"https:\/\/www.psmkk.net\/index.php?rest_route=\/wp\/v2\/pages\/859","targetHints":{"allow":["GET"]}}],"collection":[{"href":"https:\/\/www.psmkk.net\/index.php?rest_route=\/wp\/v2\/pages"}],"about":[{"href":"https:\/\/www.psmkk.net\/index.php?rest_route=\/wp\/v2\/types\/page"}],"author":[{"embeddable":true,"href":"https:\/\/www.psmkk.net\/index.php?rest_route=\/wp\/v2\/users\/1"}],"replies":[{"embeddable":true,"href":"https:\/\/www.psmkk.net\/index.php?rest_route=%2Fwp%2Fv2%2Fcomments&post=859"}],"version-history":[{"count":1,"href":"https:\/\/www.psmkk.net\/index.php?rest_route=\/wp\/v2\/pages\/859\/revisions"}],"predecessor-version":[{"id":860,"href":"https:\/\/www.psmkk.net\/index.php?rest_route=\/wp\/v2\/pages\/859\/revisions\/860"}],"wp:attachment":[{"href":"https:\/\/www.psmkk.net\/index.php?rest_route=%2Fwp%2Fv2%2Fmedia&parent=859"}],"curies":[{"name":"wp","href":"https:\/\/api.w.org\/{rel}","templated":true}]}}