{"id":842,"date":"2020-09-21T16:22:41","date_gmt":"2020-09-21T14:22:41","guid":{"rendered":"http:\/\/www.psmkk.net\/?page_id=842"},"modified":"2024-04-21T09:38:23","modified_gmt":"2024-04-21T07:38:23","slug":"vuoden-2019-mayrakoirat","status":"publish","type":"page","link":"https:\/\/www.psmkk.net\/?page_id=842","title":{"rendered":"Vuoden m\u00e4yr\u00e4koirat 2019"},"content":{"rendered":"\n<p>VUODEN AJAVA KOIRA<br> kku Monitoimen Dille<br> om. Pauliina P\u00f6nkk\u00e4 ja Kari Uotila<\/p>\n\n\n\n<p>kku Korpiklaanin LJ Wertti Tuulisp\u00e4\u00e4<br>\nom. Leena Schr\u00f6der ja Seppo Leinonen<\/p>\n\n\n\n<p>kkn Lalulu<br>\nom. Jani Haarala<\/p>\n\n\n\n<p>VUODEN J\u00c4LKIKOIRA<br>\nkku Kyl\u00e4npuolen Karra<br>\nom. Marja Lauronen<\/p>\n\n\n\n<p>kku Tassuviikarin Topi<br>\nom. Taina Turska<\/p>\n\n\n\n<p>kkn Joenpenkan Ehtoisa-Emma<br>\nom. Pauliina P\u00f6nkk\u00e4 ja Kari Uotila<\/p>\n\n\n\n<p>VUODEN N\u00c4YTTELYKOIRA<br>\npkn Entice Mini Euphrosyne<br>\nom. Maritta ja Jari Lappalainen<\/p>\n\n\n\n<p>lkn Wonder Yap`s Dana<br>\nom. Sanna Marjala<\/p>\n\n\n\n<p>kkn Mets\u00e4kruunun Akkavalta<br>\nom. Virpi ja Hannu Nuojua<\/p>\n\n\n\n<p>VUODEN TULOKAS<br>\nkku Korpiklaanin LJ Wertti Tuulisp\u00e4\u00e4<br>\nom. Leena Schr\u00f6der ja Seppo Leinonen<\/p>\n\n\n\n<p>VUODEN VETERAANI<br>\nkkn Joenpenkan Ehtoisa-Emma<br>\nom. Pauliina P\u00f6nkk\u00e4 ja Kari Uotila<\/p>\n\n\n\n<p>kkn monitoimen Dille            FI KVA-A<br>\nom. Pauliina P\u00f6nkk\u00e4 ja Kari Uotila<\/p>\n\n\n\n<p>VUODEN M\u00c4YR\u00c4KOIRA<br>\nkkn Joenpenkan Ehtoisa-Emma<br>\nom. Pauliina P\u00f6nkk\u00e4 ja Kari Uotila<\/p>\n\n\n\n<p>VALIOITUNEET<\/p>\n\n\n\n<p>kku Tassuviikarin Topi            FI JVA<br>\nom. Taina Turska<\/p>\n\n\n\n<p>kkn Mets\u00e4kruunun Jymy-Yll\u00e4tys        FI MVA<br>\nom. Pauliina P\u00f6nkk\u00e4 ja Kari Uotila<\/p>\n","protected":false},"excerpt":{"rendered":"<p>VUODEN AJAVA KOIRA kku Monitoimen Dille om. Pauliina P\u00f6nkk\u00e4 ja Kari Uotila kku Korpiklaanin LJ Wertti Tuulisp\u00e4\u00e4 om. Leena Schr\u00f6der ja Seppo Leinonen kkn Lalulu om. Jani Haarala VUODEN J\u00c4LKIKOIRA kku Kyl\u00e4npuolen Karra om. Marja Lauronen kku Tassuviikarin Topi om. Taina Turska kkn Joenpenkan Ehtoisa-Emma om. Pauliina P\u00f6nkk\u00e4 ja Kari Uotila VUODEN N\u00c4YTTELYKOIRA pkn Entice [&hellip;]<\/p>\n","protected":false},"author":1,"featured_media":0,"parent":155,"menu_order":5,"comment_status":"closed","ping_status":"closed","template":"","meta":{"footnotes":""},"class_list":["post-842","page","type-page","status-publish","hentry"],"_links":{"self":[{"href":"https:\/\/www.psmkk.net\/index.php?rest_route=\/wp\/v2\/pages\/842","targetHints":{"allow":["GET"]}}],"collection":[{"href":"https:\/\/www.psmkk.net\/index.php?rest_route=\/wp\/v2\/pages"}],"about":[{"href":"https:\/\/www.psmkk.net\/index.php?rest_route=\/wp\/v2\/types\/page"}],"author":[{"embeddable":true,"href":"https:\/\/www.psmkk.net\/index.php?rest_route=\/wp\/v2\/users\/1"}],"replies":[{"embeddable":true,"href":"https:\/\/www.psmkk.net\/index.php?rest_route=%2Fwp%2Fv2%2Fcomments&post=842"}],"version-history":[{"count":3,"href":"https:\/\/www.psmkk.net\/index.php?rest_route=\/wp\/v2\/pages\/842\/revisions"}],"predecessor-version":[{"id":848,"href":"https:\/\/www.psmkk.net\/index.php?rest_route=\/wp\/v2\/pages\/842\/revisions\/848"}],"up":[{"embeddable":true,"href":"https:\/\/www.psmkk.net\/index.php?rest_route=\/wp\/v2\/pages\/155"}],"wp:attachment":[{"href":"https:\/\/www.psmkk.net\/index.php?rest_route=%2Fwp%2Fv2%2Fmedia&parent=842"}],"curies":[{"name":"wp","href":"https:\/\/api.w.org\/{rel}","templated":true}]}}