{"id":799,"date":"2019-03-23T12:01:34","date_gmt":"2019-03-23T10:01:34","guid":{"rendered":"http:\/\/www.psmkk.net\/?page_id=799"},"modified":"2024-04-21T09:38:23","modified_gmt":"2024-04-21T07:38:23","slug":"vuoden-mayrakoirat-2018","status":"publish","type":"page","link":"https:\/\/www.psmkk.net\/?page_id=799","title":{"rendered":"Vuoden m\u00e4yr\u00e4koirat 2018"},"content":{"rendered":"<p>VUODEN M\u00c4YR\u00c4KOIRA<br \/>\npku Sagotax Christoffer om. Lea Foudilainen<\/p>\n<p>VUODEN TULOKAS<br \/>\nlku Kotikonnun Diesel om. Janne ja Katariina Manninen<\/p>\n<p>VUODEN VETERAANI<br \/>\npku Sagotax Christoffer om. Lea Foudilainen<\/p>\n<p>LUT<\/p>\n<ol>\n<li>lku KOTIKONNUN DIESEL om. Janne ja Katariina Manninen<\/li>\n<li>kku KIRSIKKAM\u00c4EN UNTO om. Ari Maukku<\/li>\n<\/ol>\n<p>N\u00c4YTTELY<\/p>\n<ol>\n<li>pku SAGOTAX DR\u00d6MMARE om. Ulla ja Markku Henriksson<\/li>\n<li>pkku CAELESTIS MEGA MAN om. Lea Koljonen<\/li>\n<li>pku SAGOTAX CHRISTOFFER om. Lea Foudilainen<\/li>\n<\/ol>\n<p>MEJ\u00c4<\/p>\n<ol>\n<li>kku KYL\u00c4NPUOLEN KARRA om. Marja Lauronen<\/li>\n<li>pku SAGOTAX CHRISTOFFER om. Lea Foudilainen<\/li>\n<li>kkn METS\u00c4KRUUNUN JYMY-YLL\u00c4TYS om. Pauliina P\u00f6nkk\u00e4 ja Kari Uotila<\/li>\n<\/ol>\n<p>M\u00c4AJ<\/p>\n<ol>\n<li>kku KIRSIKKAM\u00c4EN UNTO om. Ari Maukku<\/li>\n<li>kku MONITOIMEN DILLE om. Pauliina P\u00f6nkk\u00e4 ja Kari Uotila<\/li>\n<li>kkn LALULU om. Jani Haarala<\/li>\n<\/ol>\n","protected":false},"excerpt":{"rendered":"<p>VUODEN M\u00c4YR\u00c4KOIRA pku Sagotax Christoffer om. Lea Foudilainen VUODEN TULOKAS lku Kotikonnun Diesel om. Janne ja Katariina Manninen VUODEN VETERAANI pku Sagotax Christoffer om. Lea Foudilainen LUT lku KOTIKONNUN DIESEL om. Janne ja Katariina Manninen kku KIRSIKKAM\u00c4EN UNTO om. Ari Maukku N\u00c4YTTELY pku SAGOTAX DR\u00d6MMARE om. Ulla ja Markku Henriksson pkku CAELESTIS MEGA MAN om. [&hellip;]<\/p>\n","protected":false},"author":1,"featured_media":0,"parent":155,"menu_order":6,"comment_status":"closed","ping_status":"closed","template":"","meta":{"footnotes":""},"class_list":["post-799","page","type-page","status-publish","hentry"],"_links":{"self":[{"href":"https:\/\/www.psmkk.net\/index.php?rest_route=\/wp\/v2\/pages\/799","targetHints":{"allow":["GET"]}}],"collection":[{"href":"https:\/\/www.psmkk.net\/index.php?rest_route=\/wp\/v2\/pages"}],"about":[{"href":"https:\/\/www.psmkk.net\/index.php?rest_route=\/wp\/v2\/types\/page"}],"author":[{"embeddable":true,"href":"https:\/\/www.psmkk.net\/index.php?rest_route=\/wp\/v2\/users\/1"}],"replies":[{"embeddable":true,"href":"https:\/\/www.psmkk.net\/index.php?rest_route=%2Fwp%2Fv2%2Fcomments&post=799"}],"version-history":[{"count":1,"href":"https:\/\/www.psmkk.net\/index.php?rest_route=\/wp\/v2\/pages\/799\/revisions"}],"predecessor-version":[{"id":800,"href":"https:\/\/www.psmkk.net\/index.php?rest_route=\/wp\/v2\/pages\/799\/revisions\/800"}],"up":[{"embeddable":true,"href":"https:\/\/www.psmkk.net\/index.php?rest_route=\/wp\/v2\/pages\/155"}],"wp:attachment":[{"href":"https:\/\/www.psmkk.net\/index.php?rest_route=%2Fwp%2Fv2%2Fmedia&parent=799"}],"curies":[{"name":"wp","href":"https:\/\/api.w.org\/{rel}","templated":true}]}}