{"id":741,"date":"2018-02-21T19:16:53","date_gmt":"2018-02-21T17:16:53","guid":{"rendered":"http:\/\/www.psmkk.net\/?page_id=741"},"modified":"2024-04-21T09:38:23","modified_gmt":"2024-04-21T07:38:23","slug":"vuoden-mayrakoirat-3016","status":"publish","type":"page","link":"https:\/\/www.psmkk.net\/?page_id=741","title":{"rendered":"Vuoden m\u00e4yr\u00e4koirat 2016"},"content":{"rendered":"<p>VUODEN M\u00c4YR\u00c4KOIRA<br \/>\npku Sagotax Christoffer, om.Lea Foudilainen<\/p>\n<p>VUODEN VETERAANI<br \/>\npku Sagotax Christoffer, om.Lea Foudilainen<\/p>\n<p>VUODEN TULOKAS<br \/>\nkkn Hoja Saksanpihta, om. Marja Lauronen<\/p>\n<p>VUODEN LUOLAKOIRA<\/p>\n<ol>\n<li>kku Joenpenkan Iskev\u00e4-Ippo om. Pauliina P\u00f6nkk\u00e4 ja Kari Uotila<\/li>\n<li>lkn Keski-Maan Firiel om. Mari ja Jani Anttila<\/li>\n<\/ol>\n<p>VUODEN AJOKOIRA<\/p>\n<ol>\n<li>lkn M\u00e4ntytassun Sanni, om. Minna Kivim\u00e4ki<\/li>\n<li>kkn Raitsusaaren Meri-Tuulia, om. Jani Haarala<\/li>\n<li>kku Aragorn, om. Taina ja Matti Turska<\/li>\n<\/ol>\n<p>VUODEN N\u00c4YTTELYKOIRA<\/p>\n<ol>\n<li>pku Sagotax Dr\u00f6mmare, om. Ulla ja Markku Henriksson<\/li>\n<li>pku Sagotax Christoffer, om. Lea Foudilainen<\/li>\n<li>kkn Kyl\u00e4npuolen Menev\u00e4-Martta, om. Axa Saukkonen ja Tapio Kemppainen<\/li>\n<\/ol>\n<p>VUODEN MEJ\u00c4-KOIRA<\/p>\n<ol>\n<li>pku Sagotax Christoffer, om. Lea Foudilainen<\/li>\n<li>kku Kyl\u00e4npuolen Karra, om. Marja Lauronen<\/li>\n<li>kkn Hoja Saksanpihta, om. Marja Lauronen<\/li>\n<\/ol>\n","protected":false},"excerpt":{"rendered":"<p>VUODEN M\u00c4YR\u00c4KOIRA pku Sagotax Christoffer, om.Lea Foudilainen VUODEN VETERAANI pku Sagotax Christoffer, om.Lea Foudilainen VUODEN TULOKAS kkn Hoja Saksanpihta, om. Marja Lauronen VUODEN LUOLAKOIRA kku Joenpenkan Iskev\u00e4-Ippo om. Pauliina P\u00f6nkk\u00e4 ja Kari Uotila lkn Keski-Maan Firiel om. Mari ja Jani Anttila VUODEN AJOKOIRA lkn M\u00e4ntytassun Sanni, om. Minna Kivim\u00e4ki kkn Raitsusaaren Meri-Tuulia, om. Jani Haarala [&hellip;]<\/p>\n","protected":false},"author":1,"featured_media":0,"parent":155,"menu_order":8,"comment_status":"closed","ping_status":"closed","template":"","meta":{"footnotes":""},"class_list":["post-741","page","type-page","status-publish","hentry"],"_links":{"self":[{"href":"https:\/\/www.psmkk.net\/index.php?rest_route=\/wp\/v2\/pages\/741","targetHints":{"allow":["GET"]}}],"collection":[{"href":"https:\/\/www.psmkk.net\/index.php?rest_route=\/wp\/v2\/pages"}],"about":[{"href":"https:\/\/www.psmkk.net\/index.php?rest_route=\/wp\/v2\/types\/page"}],"author":[{"embeddable":true,"href":"https:\/\/www.psmkk.net\/index.php?rest_route=\/wp\/v2\/users\/1"}],"replies":[{"embeddable":true,"href":"https:\/\/www.psmkk.net\/index.php?rest_route=%2Fwp%2Fv2%2Fcomments&post=741"}],"version-history":[{"count":3,"href":"https:\/\/www.psmkk.net\/index.php?rest_route=\/wp\/v2\/pages\/741\/revisions"}],"predecessor-version":[{"id":745,"href":"https:\/\/www.psmkk.net\/index.php?rest_route=\/wp\/v2\/pages\/741\/revisions\/745"}],"up":[{"embeddable":true,"href":"https:\/\/www.psmkk.net\/index.php?rest_route=\/wp\/v2\/pages\/155"}],"wp:attachment":[{"href":"https:\/\/www.psmkk.net\/index.php?rest_route=%2Fwp%2Fv2%2Fmedia&parent=741"}],"curies":[{"name":"wp","href":"https:\/\/api.w.org\/{rel}","templated":true}]}}