{"id":51,"date":"2014-02-11T19:55:09","date_gmt":"2014-02-11T17:55:09","guid":{"rendered":"http:\/\/www.psmkk.net\/sanapaina\/?page_id=51"},"modified":"2022-07-27T09:59:07","modified_gmt":"2022-07-27T07:59:07","slug":"linkit","status":"publish","type":"page","link":"https:\/\/www.psmkk.net\/?page_id=51","title":{"rendered":"Linkit"},"content":{"rendered":"<p><a class=\"linkki\" href=\"http:\/\/www.mayrakoiraliitto.fi\" target=\"_blank\" rel=\"noopener noreferrer\">Suomen M\u00e4yr\u00e4koiraliitto<\/a><br \/>\n<a class=\"linkki\" href=\"http:\/\/www.mayrakoiraliitto.fi\/jasentieto\" target=\"_blank\" rel=\"noopener noreferrer\">M\u00e4yr\u00e4koiraliitton j\u00e4senrekisteripalvelu<\/a><\/p>\n<p><a href=\"http:\/\/www.mayrakoiraliitto.fi\/index.php\/sml\/liiton-palvelut\/pentuvaelitys\" target=\"_blank\" rel=\"noopener noreferrer\">M\u00e4yr\u00e4koiraliiton pentuv\u00e4litys<\/a><\/p>\n<p><a class=\"linkki\" href=\"http:\/\/www.kennelliitto.fi\" target=\"_blank\" rel=\"noopener noreferrer\">Suomen kennelliitto<\/a><\/p>\n<p><a class=\"linkki\" href=\"http:\/\/www.akc.org\/\" target=\"_blank\" rel=\"noopener noreferrer\">American Kennel Club<\/a> (USA)<\/p>\n<p><a class=\"linkki\" href=\"http:\/\/www.dansk-kennel-klub.dk\/\" target=\"_blank\" rel=\"noopener noreferrer\">Dansk Kennel Klub<\/a> (Tanska)<\/p>\n<p><a class=\"linkki\" href=\"http:\/\/www.skk.se\/\" target=\"_blank\" rel=\"noopener noreferrer\">Svenska Kennelklubben<\/a> (Ruotsi)<\/p>\n<p><a href=\"http:\/\/www.vdh.de\/home\/\" target=\"_blank\" rel=\"noopener noreferrer\">Verband f\u00fcr das Deutsche Hundewesen<\/a> (VDH) e.V. (Saksa)<\/p>\n<p><a href=\"http:\/\/www.dtk1888.de\/\" target=\"_blank\" rel=\"noopener noreferrer\">Deutscher Teckelklub 1888 e.V.<\/a> (Saksan &#8220;M\u00e4yr\u00e4koiraliitto&#8221;)<\/p>\n<p><a href=\"http:\/\/www.weltunionteckel.com\" target=\"_blank\" rel=\"noopener noreferrer\">WUT<\/a> eli Welt Union Teckel<\/p>\n<p>Mets\u00e4styskoirien J\u00e4ljest\u00e4miskokeen (MEJ\u00c4) ylituomareiden yhdistyksen <a href=\"http:\/\/www.meja.fi\" target=\"_blank\" rel=\"noopener noreferrer\">kotisivut.<\/a><br \/>\nSivuilta l\u00f6yd\u00e4t MEJ\u00c4-tietoutta lajin harrastajille, kokeiden j\u00e4rjest\u00e4jille ja ylituomareille. Sivustolla on my\u00f6s linkki Kennelliiton yll\u00e4pit\u00e4m\u00e4\u00e4n <a href=\"http:\/\/www.kennelliitto.fi\/koiraharrastukset\/ylituomarihaku\" target=\"_blank\" rel=\"noopener noreferrer\">Ylituomarihaku-palveluun.<\/a><\/p>\n<p><b>J\u00e4senist\u00f6mme sivuja<\/b><\/p>\n<p><a class=\"linkki\" href=\"http:\/\/mukelon.blogspot.fi\/p\/etusivu.html\" target=\"_blank\" rel=\"noopener noreferrer\">pkka Lotan kanssa sivuilla seikkailee pkk Matula<\/a><\/p>\n<p><strong>Neuvonta<\/strong><\/p>\n<p>Uusia harrastajia ja m\u00e4yr\u00e4koirasta tietoa kysyvi\u00e4 opastaa <a href=\"http:\/\/www.mayrakoiraliitto.fi\/index.php\/sml\/liiton-palvelut\/maeyraekoiraliiton-neuvonta\" target=\"_blank\" rel=\"noopener noreferrer\">Suomen M\u00e4yr\u00e4koiraliiton neuvonta<\/a>.<\/p>\n<p>Mik\u00e4li haluat omat tai muut hyv\u00e4t nettisivut t\u00e4lle listalle, ilmoita nettisivujen yll\u00e4pit\u00e4j\u00e4lle osoitteeseen: sivut.psmkk(at)gmail.com<br \/>\nJa muistathan, ett\u00e4 mik\u00e4li www-sivujen osoitteesi muuttuu, ole hyv\u00e4 ja ilmoita siit\u00e4 yll\u00e4pitoon. Linkit k\u00e4yd\u00e4\u00e4n l\u00e4pi s\u00e4\u00e4nn\u00f6llisin v\u00e4liajoin ja toimimattomat linkit poistetaan. Ilmoittamalla muutoksista varmistat, ett\u00e4 linkki s\u00e4ilyy sivulla ja se ohjaa k\u00e4vij\u00e4n oikealle sivustolle.<\/p>\n","protected":false},"excerpt":{"rendered":"<p>Suomen M\u00e4yr\u00e4koiraliitto M\u00e4yr\u00e4koiraliitton j\u00e4senrekisteripalvelu M\u00e4yr\u00e4koiraliiton pentuv\u00e4litys Suomen kennelliitto American Kennel Club (USA) Dansk Kennel Klub (Tanska) Svenska Kennelklubben (Ruotsi) Verband f\u00fcr das Deutsche Hundewesen (VDH) e.V. (Saksa) Deutscher Teckelklub 1888 e.V. (Saksan &#8220;M\u00e4yr\u00e4koiraliitto&#8221;) WUT eli Welt Union Teckel Mets\u00e4styskoirien J\u00e4ljest\u00e4miskokeen (MEJ\u00c4) ylituomareiden yhdistyksen kotisivut. Sivuilta l\u00f6yd\u00e4t MEJ\u00c4-tietoutta lajin harrastajille, kokeiden j\u00e4rjest\u00e4jille ja ylituomareille. Sivustolla on [&hellip;]<\/p>\n","protected":false},"author":1,"featured_media":0,"parent":0,"menu_order":100,"comment_status":"closed","ping_status":"closed","template":"","meta":{"footnotes":""},"class_list":["post-51","page","type-page","status-publish","hentry"],"_links":{"self":[{"href":"https:\/\/www.psmkk.net\/index.php?rest_route=\/wp\/v2\/pages\/51","targetHints":{"allow":["GET"]}}],"collection":[{"href":"https:\/\/www.psmkk.net\/index.php?rest_route=\/wp\/v2\/pages"}],"about":[{"href":"https:\/\/www.psmkk.net\/index.php?rest_route=\/wp\/v2\/types\/page"}],"author":[{"embeddable":true,"href":"https:\/\/www.psmkk.net\/index.php?rest_route=\/wp\/v2\/users\/1"}],"replies":[{"embeddable":true,"href":"https:\/\/www.psmkk.net\/index.php?rest_route=%2Fwp%2Fv2%2Fcomments&post=51"}],"version-history":[{"count":35,"href":"https:\/\/www.psmkk.net\/index.php?rest_route=\/wp\/v2\/pages\/51\/revisions"}],"predecessor-version":[{"id":967,"href":"https:\/\/www.psmkk.net\/index.php?rest_route=\/wp\/v2\/pages\/51\/revisions\/967"}],"wp:attachment":[{"href":"https:\/\/www.psmkk.net\/index.php?rest_route=%2Fwp%2Fv2%2Fmedia&parent=51"}],"curies":[{"name":"wp","href":"https:\/\/api.w.org\/{rel}","templated":true}]}}