{"id":155,"date":"2014-03-30T17:17:02","date_gmt":"2014-03-30T15:17:02","guid":{"rendered":"http:\/\/www.psmkk.net\/?page_id=155"},"modified":"2017-04-27T18:12:00","modified_gmt":"2017-04-27T16:12:00","slug":"vuoden-mayrakoirat","status":"publish","type":"page","link":"https:\/\/www.psmkk.net\/?page_id=155","title":{"rendered":"Vuoden m\u00e4yr\u00e4koirat"},"content":{"rendered":"<p>PSMKK ry palkitsee vuosittain menestyksekk\u00e4imm\u00e4n m\u00e4yr\u00e4koiran. Palkinto jaetaan yhdistyksen vuosikokokouksessa edellisen vuoden tulosten perusteella.Kilpailla voi sek\u00e4 Suomesta ett\u00e4 ulkomailta saaduillta tuloksilla.<\/p>\n<p>Vuoden 2017 alusta voimassa olevat s\u00e4\u00e4nn\u00f6t l\u00f6yd\u00e4t <a href=\"https:\/\/www.psmkk.net\/?page_id=523\">t\u00e4\u00e4lt\u00e4<\/a>. Alla olevat vanhat s\u00e4\u00e4nn\u00f6t olivat voimassa vuoden 2016 loppuun asti.<\/p>\n<p>Koiran omistajan tulee itse kirjallisesti ilmoittaa koiransa tulokset yhdistyksen sihteerille hallituksen m\u00e4\u00e4r\u00e4\u00e4m\u00e4\u00e4n aikarajaan menness\u00e4. Palkinnoista ovat oikeutettuja kilpailemaan PSMKK:n toimialueella asuvat, PSMKK ry:n j\u00e4senet, omistamillaan m\u00e4yr\u00e4koirilla.<\/p>\n<p>Saadakseen osallistua on koiralla oltava kilpailukaudelta Suomesta sek\u00e4 n\u00e4yttely- ett\u00e4 koetulos. Poikkeuksena luolassa A-asteen suorittanut koira, joka voi osallistua pelkill\u00e4 n\u00e4yttelytuloksilla.<\/p>\n<p>Korkeintaan kolme (3) tulosta huomioidaan kustakin kilpailuluokasta. Mik\u00e4 tahansa tulos voidaan korvata kilpailukaudella saavutetulla Suomen M\u00e4yr\u00e4koiraliiton k\u00e4ytt\u00f6jalostuspalkinnolla. K\u00e4ytt\u00f6jalostuspalkinto: kultainen 15p, hopeinen 10p, pronssinen 5p. Tasatilanteissa verrataan korkeinta yksitt\u00e4ist\u00e4 pistem\u00e4\u00e4r\u00e4\u00e4, toiseksi korkeinta jne.<\/p>\n<p>Vuoden m\u00e4yr\u00e4koira -palkinnon lis\u00e4ksi palkitaan jokaisesta kilpailuluokasta (n\u00e4yttely, mej\u00e4, luola, ajo ja veri) parhaiten menestynyt koira sek\u00e4 vuoden veteraani ja vuoden tulokas. Vuoden veteraanin palkinnon saa monipuolisesti ja parhaat pisteet saanut yli 8 vuotias koira. Vuoden tulokkaan palkinnon saa koira, joka on aloittanut kilpailu-uransa kilpailuvuoden aikana ja on menestynyt monipuolisesti. Hallituksella on lopullinen p\u00e4\u00e4t\u00f6svalta.<\/p>\n<p>&nbsp;<\/p>\n<p>Pisteytys:<\/p>\n<p><strong>N\u00c4YTTELY<\/strong><\/p>\n<p>ROP 4 p<br \/>\nVSP 2 p<br \/>\nCACIB 4 p<br \/>\nRYP1 4 p<br \/>\nRYP2 3 p<br \/>\nRYP3 2 p<br \/>\nRYP4 1 p<br \/>\nBIS1 4 p<br \/>\nBIS2 3 p<br \/>\nBIS3 2 p<br \/>\nBIS4 1 p<\/p>\n<p>KV- ja SML:n p\u00e4\u00e4erikoisn\u00e4yttelyn pisteet kerrotaan kahdella (2). Huom! CACIB:ista saatuja pisteit\u00e4 ei kerrota kahdella. N\u00e4yttelytuloksista ja koetuloksista huomioidaan kolme (3) parasta.<\/p>\n<p><strong>MEJ\u00c4<\/strong><\/p>\n<p>Avo1 3 p<br \/>\nAvo2 2 p<br \/>\nAvo3 1 p<br \/>\nVoi1 4 p<br \/>\nVoi2 3 p<br \/>\nVoi3 2 p<\/p>\n<p>Piirinmestaruus 6 p<br \/>\nRotukohtainen mej\u00e4mestaruuskoe kulta 6 p, hopea 4 p, pronssi 2 p<br \/>\nSM-mej\u00e4-koe kulta 6 p, hopea 4 p, pronssi 2 p<br \/>\nPika 1 hyv\u00e4ksytty tulos 3 p<br \/>\nVahi 1 hyv\u00e4ksytty tulos 4 p. Korkeintaan 2 tulosta<\/p>\n<p><strong>M\u00c4AJ<\/strong><\/p>\n<p>M\u00e4aj1 4 p<br \/>\nM\u00e4aj2 2 p<br \/>\nM\u00e4aj3 1 p<br \/>\nLohkovoitto 6 p<br \/>\nM\u00e4yr\u00e4koirien SM-ajokoe kulta 6 p, hopea 4 p, pronssi 2 p<\/p>\n<p><strong>LUT<\/strong><\/p>\n<p>LutA 4 p<br \/>\nLutB 3 p<br \/>\nLutC 1 p<br \/>\nLume hyv\u00e4ksytty tulos 4 p<\/p>\n<p><strong>VERI<\/strong><\/p>\n<p>Veri1 4 p<br \/>\nVeri2 2 p<br \/>\nVeri3 1 p<\/p>\n","protected":false},"excerpt":{"rendered":"<p>PSMKK ry palkitsee vuosittain menestyksekk\u00e4imm\u00e4n m\u00e4yr\u00e4koiran. Palkinto jaetaan yhdistyksen vuosikokokouksessa edellisen vuoden tulosten perusteella.Kilpailla voi sek\u00e4 Suomesta ett\u00e4 ulkomailta saaduillta tuloksilla. Vuoden 2017 alusta voimassa olevat s\u00e4\u00e4nn\u00f6t l\u00f6yd\u00e4t t\u00e4\u00e4lt\u00e4. Alla olevat vanhat s\u00e4\u00e4nn\u00f6t olivat voimassa vuoden 2016 loppuun asti. Koiran omistajan tulee itse kirjallisesti ilmoittaa koiransa tulokset yhdistyksen sihteerille hallituksen m\u00e4\u00e4r\u00e4\u00e4m\u00e4\u00e4n aikarajaan menness\u00e4. Palkinnoista ovat [&hellip;]<\/p>\n","protected":false},"author":1,"featured_media":0,"parent":14,"menu_order":3,"comment_status":"closed","ping_status":"open","template":"","meta":{"footnotes":""},"class_list":["post-155","page","type-page","status-publish","hentry"],"_links":{"self":[{"href":"https:\/\/www.psmkk.net\/index.php?rest_route=\/wp\/v2\/pages\/155","targetHints":{"allow":["GET"]}}],"collection":[{"href":"https:\/\/www.psmkk.net\/index.php?rest_route=\/wp\/v2\/pages"}],"about":[{"href":"https:\/\/www.psmkk.net\/index.php?rest_route=\/wp\/v2\/types\/page"}],"author":[{"embeddable":true,"href":"https:\/\/www.psmkk.net\/index.php?rest_route=\/wp\/v2\/users\/1"}],"replies":[{"embeddable":true,"href":"https:\/\/www.psmkk.net\/index.php?rest_route=%2Fwp%2Fv2%2Fcomments&post=155"}],"version-history":[{"count":7,"href":"https:\/\/www.psmkk.net\/index.php?rest_route=\/wp\/v2\/pages\/155\/revisions"}],"predecessor-version":[{"id":677,"href":"https:\/\/www.psmkk.net\/index.php?rest_route=\/wp\/v2\/pages\/155\/revisions\/677"}],"up":[{"embeddable":true,"href":"https:\/\/www.psmkk.net\/index.php?rest_route=\/wp\/v2\/pages\/14"}],"wp:attachment":[{"href":"https:\/\/www.psmkk.net\/index.php?rest_route=%2Fwp%2Fv2%2Fmedia&parent=155"}],"curies":[{"name":"wp","href":"https:\/\/api.w.org\/{rel}","templated":true}]}}